{"id":11708,"date":"2024-06-26T09:32:02","date_gmt":"2024-06-26T09:32:02","guid":{"rendered":"https:\/\/helloomonday.com\/blog\/?page_id=11708"},"modified":"2026-03-01T23:13:08","modified_gmt":"2026-03-01T22:13:08","slug":"blog","status":"publish","type":"page","link":"https:\/\/helloomonday.com\/blog\/","title":{"rendered":"Blog"},"content":{"rendered":"<h1>\n\t\t\t\t\t\t\tBLOG<br \/>\n\t\t<\/h1>\n<ul>\n<li>Todos<em><\/em><\/li>\n<li>Art\u00edculos<em><\/em><\/li>\n<li>Campa\u00f1as de Instagram<em><\/em><\/li>\n<li>Eventos con Influencers<em><\/em><\/li>\n<li>Influencers<em><\/em><\/li>\n<li>Sorteos<em><\/em><\/li>\n<\/ul>\n<section data-settings=\"{&quot;layout&quot;:&quot;fitRows&quot;,&quot;stick_last_element_to_bottom&quot;:&quot;&quot;,&quot;columns_desktop&quot;:3,&quot;gutter_hr&quot;:16,&quot;gutter_hr_mobile&quot;:16,&quot;gutter_hr_mobile_extra&quot;:16,&quot;gutter_hr_tablet&quot;:16,&quot;gutter_hr_tablet_extra&quot;:16,&quot;gutter_hr_laptop&quot;:16,&quot;gutter_hr_widescreen&quot;:16,&quot;gutter_vr&quot;:30,&quot;gutter_vr_mobile&quot;:30,&quot;gutter_vr_mobile_extra&quot;:30,&quot;gutter_vr_tablet&quot;:30,&quot;gutter_vr_tablet_extra&quot;:30,&quot;gutter_vr_laptop&quot;:30,&quot;gutter_vr_widescreen&quot;:30,&quot;animation&quot;:&quot;default&quot;,&quot;animation_duration&quot;:0.299999999999999988897769753748434595763683319091796875,&quot;animation_delay&quot;:0.1000000000000000055511151231257827021181583404541015625,&quot;deeplinking&quot;:&quot;&quot;,&quot;filters_linkable&quot;:&quot;no&quot;,&quot;filters_default_filter&quot;:&quot;&quot;,&quot;filters_count&quot;:&quot;&quot;,&quot;filters_hide_empty&quot;:&quot;no&quot;,&quot;filters_animation&quot;:&quot;default&quot;,&quot;filters_animation_duration&quot;:0.299999999999999988897769753748434595763683319091796875,&quot;filters_animation_delay&quot;:0.1000000000000000055511151231257827021181583404541015625,&quot;pagination_type&quot;:&quot;load-more&quot;,&quot;pagination_max_pages&quot;:12,&quot;lightbox&quot;:{&quot;selector&quot;:&quot;.wpr-grid-image-wrap&quot;,&quot;iframeMaxWidth&quot;:&quot;60%&quot;,&quot;hash&quot;:false,&quot;autoplay&quot;:&quot;true&quot;,&quot;pause&quot;:5000,&quot;progressBar&quot;:&quot;true&quot;,&quot;counter&quot;:&quot;true&quot;,&quot;controls&quot;:&quot;true&quot;,&quot;getCaptionFromTitleOrAlt&quot;:&quot;true&quot;,&quot;thumbnail&quot;:&quot;&quot;,&quot;showThumbByDefault&quot;:&quot;&quot;,&quot;share&quot;:&quot;&quot;,&quot;zoom&quot;:&quot;true&quot;,&quot;fullScreen&quot;:&quot;true&quot;,&quot;download&quot;:&quot;true&quot;}}\">\n<article><img decoding=\"async\" data-no-lazy=\"1\" src=\"https:\/\/helloomonday.com\/blog\/wp-content\/uploads\/2024\/03\/blog-hello-monday-1-1.png\" alt=\"\u00bfCu\u00e1nto ha aumentado la inversi\u00f3n en el marketing de influencers en 2023?\"><\/p>\n<h2><a target=\"_self\" href=\"https:\/\/helloomonday.com\/blog\/cuanto-ha-aumentado-la-inversion-en-el-marketing-de-influencers-en-2023\/\" rel=\"noopener\">\u00bfCu\u00e1nto ha aumentado la inversi\u00f3n en el marketing de influencers en 2023?<\/a><\/h2>\n<p>marzo 25, 2024\/<\/p>\n<p>El crecimiento en la inversi\u00f3n en marketing de influencers se debe al incremento en el uso de redes sociales para&hellip;<\/p>\n<p><a target=\"_self\" href=\"https:\/\/helloomonday.com\/blog\/cuanto-ha-aumentado-la-inversion-en-el-marketing-de-influencers-en-2023\/\" rel=\"noopener\">Leer m\u00e1s<\/a><\/article>\n<article><img decoding=\"async\" data-no-lazy=\"1\" src=\"https:\/\/helloomonday.com\/blog\/wp-content\/uploads\/2024\/03\/blog-hello-monday-.png\" alt=\"\u00bfC\u00f3mo usar TikTok para empresas?\"><\/p>\n<h2><a target=\"_self\" href=\"https:\/\/helloomonday.com\/blog\/como-usar-tiktok-para-empresas\/\" rel=\"noopener\">\u00bfC\u00f3mo usar TikTok para empresas?<\/a><\/h2>\n<p>marzo 25, 2024\/<\/p>\n<p>En los \u00faltimos a\u00f1os, infinidad de empresas se han sumado a TikTok, debido a su alcance global e interactivo, que&hellip;<\/p>\n<p><a target=\"_self\" href=\"https:\/\/helloomonday.com\/blog\/como-usar-tiktok-para-empresas\/\" rel=\"noopener\">Leer m\u00e1s<\/a><\/article>\n<article><img decoding=\"async\" data-no-lazy=\"1\" src=\"https:\/\/helloomonday.com\/blog\/wp-content\/uploads\/2024\/03\/blog-hello-monday-1.png\" alt=\"\u00bfCu\u00e1ntos seguidores hay que tener en TikTok para ganar dinero?\"><\/p>\n<h2><a target=\"_self\" href=\"https:\/\/helloomonday.com\/blog\/cuantos-seguidores-hay-que-tener-en-tiktok-para-ganar-dinero\/\" rel=\"noopener\">\u00bfCu\u00e1ntos seguidores hay que tener en TikTok para ganar dinero?<\/a><\/h2>\n<p>marzo 20, 2024\/<\/p>\n<p>Requisitos de seguidores para monetizar en TikTok Cuando hablamos de pagos por parte de la plataforma se necesitan una serie&hellip;<\/p>\n<p><a target=\"_self\" href=\"https:\/\/helloomonday.com\/blog\/cuantos-seguidores-hay-que-tener-en-tiktok-para-ganar-dinero\/\" rel=\"noopener\">Leer m\u00e1s<\/a><\/article>\n<article><img decoding=\"async\" data-no-lazy=\"1\" src=\"https:\/\/helloomonday.com\/blog\/wp-content\/uploads\/2024\/03\/blog-hello-monday-2.png\" alt=\"\u00bfCu\u00e1l es la mejor hora para publicar en TikTok?\"><\/p>\n<h2><a target=\"_self\" href=\"https:\/\/helloomonday.com\/blog\/cual-es-la-mejor-hora-para-publicar-en-tiktok\/\" rel=\"noopener\">\u00bfCu\u00e1l es la mejor hora para publicar en TikTok?<\/a><\/h2>\n<p>marzo 18, 2024\/<\/p>\n<p>Importancia de la hora de publicaci\u00f3n en TikTok La hora de publicaci\u00f3n en TikTok es fundamental porque determina cu\u00e1ndo tu&hellip;<\/p>\n<p><a target=\"_self\" href=\"https:\/\/helloomonday.com\/blog\/cual-es-la-mejor-hora-para-publicar-en-tiktok\/\" rel=\"noopener\">Leer m\u00e1s<\/a><\/article>\n<article><img decoding=\"async\" data-no-lazy=\"1\" src=\"https:\/\/helloomonday.com\/blog\/wp-content\/uploads\/2024\/03\/blog-hello-monday-3.png\" alt=\"\u00bfC\u00f3mo ser embajador de marca? &#8211; La gu\u00eda definitiva\"><\/p>\n<h2><a target=\"_self\" href=\"https:\/\/helloomonday.com\/blog\/como-ser-embajador-de-marca-la-guia-definitiva\/\" rel=\"noopener\">\u00bfC\u00f3mo ser embajador de marca? &#8211; La gu\u00eda definitiva<\/a><\/h2>\n<p>marzo 13, 2024\/<\/p>\n<p>\u00bfQu\u00e9 rol tiene un embajador de marca? Un embajador de marca desempe\u00f1a un papel crucial en la promoci\u00f3n y representaci\u00f3n&hellip;<\/p>\n<p><a target=\"_self\" href=\"https:\/\/helloomonday.com\/blog\/como-ser-embajador-de-marca-la-guia-definitiva\/\" rel=\"noopener\">Leer m\u00e1s<\/a><\/article>\n<article><img decoding=\"async\" data-no-lazy=\"1\" src=\"https:\/\/helloomonday.com\/blog\/wp-content\/uploads\/2024\/03\/blog-hello-monday-4.png\" alt=\"Nuevas plataformas en ascenso: \u00bfD\u00f3nde deber\u00edan estar los Influencers en 2024?\"><\/p>\n<h2><a target=\"_self\" href=\"https:\/\/helloomonday.com\/blog\/nuevas-plataformas-en-ascenso-donde-deberian-estar-los-influencers-en-2024\/\" rel=\"noopener\">Nuevas plataformas en ascenso: \u00bfD\u00f3nde deber\u00edan estar los Influencers en 2024?<\/a><\/h2>\n<p>marzo 11, 2024\/<\/p>\n<p>Un a\u00f1o m\u00e1s en Hello Monday nos adelantamos a las futuras tendencias de 2024 y las queremos compartir contigo. \u00bfSabes&hellip;<\/p>\n<p><a target=\"_self\" href=\"https:\/\/helloomonday.com\/blog\/nuevas-plataformas-en-ascenso-donde-deberian-estar-los-influencers-en-2024\/\" rel=\"noopener\">Leer m\u00e1s<\/a><\/article>\n<article><img decoding=\"async\" data-no-lazy=\"1\" src=\"https:\/\/helloomonday.com\/blog\/wp-content\/uploads\/2024\/02\/blog-hello-monday-5.png\" alt=\"\u00bfC\u00f3mo hacerse influencer en YouTube?: La Gu\u00eda definitiva\"><\/p>\n<h2><a target=\"_self\" href=\"https:\/\/helloomonday.com\/blog\/como-hacerse-influencer-en-youtube-la-guia-definitiva\/\" rel=\"noopener\">\u00bfC\u00f3mo hacerse influencer en YouTube?: La Gu\u00eda definitiva<\/a><\/h2>\n<p>febrero 29, 2024\/<\/p>\n<p>Entender el funcionamiento de YouTube es crucial para conseguir definir una estrategia y llegar a convertirse en influencer. YouTube es&hellip;<\/p>\n<p><a target=\"_self\" href=\"https:\/\/helloomonday.com\/blog\/como-hacerse-influencer-en-youtube-la-guia-definitiva\/\" rel=\"noopener\">Leer m\u00e1s<\/a><\/article>\n<article><img decoding=\"async\" data-no-lazy=\"1\" src=\"https:\/\/helloomonday.com\/blog\/wp-content\/uploads\/2024\/02\/blog-hello-monday-6.png\" alt=\"\u00bfCu\u00e1les son los sectores m\u00e1s populares para el marketing de influencer?\"><\/p>\n<h2><a target=\"_self\" href=\"https:\/\/helloomonday.com\/blog\/cuales-son-los-sectores-mas-populares-para-el-marketing-de-influencer\/\" rel=\"noopener\">\u00bfCu\u00e1les son los sectores m\u00e1s populares para el marketing de influencer?<\/a><\/h2>\n<p>febrero 26, 2024\/<\/p>\n<p>El marketing de influencer se ha convertido en una herramienta fundamental para las marcas que buscan llegar a su p\u00fablico&hellip;<\/p>\n<p><a target=\"_self\" href=\"https:\/\/helloomonday.com\/blog\/cuales-son-los-sectores-mas-populares-para-el-marketing-de-influencer\/\" rel=\"noopener\">Leer m\u00e1s<\/a><\/article>\n<article><img decoding=\"async\" data-no-lazy=\"1\" src=\"https:\/\/helloomonday.com\/blog\/wp-content\/uploads\/2024\/01\/blog-hello-monday-7.png\" alt=\"\u00bfCu\u00e1les son las plataformas sociales con m\u00e1s \u00e9xito entre los influencers?\"><\/p>\n<h2><a target=\"_self\" href=\"https:\/\/helloomonday.com\/blog\/cuales-son-las-plataformas-sociales-con-mas-exito-entre-los-influencers\/\" rel=\"noopener\">\u00bfCu\u00e1les son las plataformas sociales con m\u00e1s \u00e9xito entre los influencers?<\/a><\/h2>\n<p>enero 31, 2024\/<\/p>\n<p>\u00bfCu\u00e1l es tu red social favorita? \u00bfCu\u00e1nto tiempo de uso tienes al d\u00eda en ellas? Las plataformas sociales llegaron a&hellip;<\/p>\n<p><a target=\"_self\" href=\"https:\/\/helloomonday.com\/blog\/cuales-son-las-plataformas-sociales-con-mas-exito-entre-los-influencers\/\" rel=\"noopener\">Leer m\u00e1s<\/a><\/article>\n<\/section>\n<p><a href=\"https:\/\/helloomonday.com\/blog\/wp-admin\/admin-ajax.php?paged=2\" data-e-disable-page-transition >Ver m\u00e1s<\/a><\/p>\n","protected":false},"excerpt":{"rendered":"<p>BLOG Todos Art\u00edculos Campa\u00f1as de Instagram Eventos con Influencers Influencers Sorteos \u00bfCu\u00e1nto ha aumentado la inversi\u00f3n en el marketing de influencers en 2023? marzo 25, 2024\/ El crecimiento en la inversi\u00f3n en marketing de influencers se debe al incremento en el uso de redes sociales para&hellip; Leer m\u00e1s \u00bfC\u00f3mo usar TikTok para empresas? marzo 25, [&hellip;]<\/p>\n","protected":false},"author":1,"featured_media":0,"parent":0,"menu_order":0,"comment_status":"closed","ping_status":"closed","template":"","meta":{"footnotes":""},"class_list":["post-11708","page","type-page","status-publish","hentry"],"_links":{"self":[{"href":"https:\/\/helloomonday.com\/blog\/wp-json\/wp\/v2\/pages\/11708","targetHints":{"allow":["GET"]}}],"collection":[{"href":"https:\/\/helloomonday.com\/blog\/wp-json\/wp\/v2\/pages"}],"about":[{"href":"https:\/\/helloomonday.com\/blog\/wp-json\/wp\/v2\/types\/page"}],"author":[{"embeddable":true,"href":"https:\/\/helloomonday.com\/blog\/wp-json\/wp\/v2\/users\/1"}],"replies":[{"embeddable":true,"href":"https:\/\/helloomonday.com\/blog\/wp-json\/wp\/v2\/comments?post=11708"}],"version-history":[{"count":41,"href":"https:\/\/helloomonday.com\/blog\/wp-json\/wp\/v2\/pages\/11708\/revisions"}],"predecessor-version":[{"id":14986,"href":"https:\/\/helloomonday.com\/blog\/wp-json\/wp\/v2\/pages\/11708\/revisions\/14986"}],"wp:attachment":[{"href":"https:\/\/helloomonday.com\/blog\/wp-json\/wp\/v2\/media?parent=11708"}],"curies":[{"name":"wp","href":"https:\/\/api.w.org\/{rel}","templated":true}]}}